c + 13, -l - 13 = -4*c. Suppose 5*h - 68 - 57 = 0. Calculate the remainder when h is divided by l.
4
What is the remainder when 2/((-7)/((-525)/6)) is divided by 9?
7
Let f(a) = a - 2. Let r be f(6). Suppose 5*t - r = 166. What is the remainder when t is divided by (18/4)/(1/4)?
16
Let m(d) = -4*d**3 + d + 1. Let b be m(-1). Let l(t) = -3*t + b*t - 8*t. What is the remainder when 13 is divided by l(-1)?
6
Let t(b) be the second derivative of -b**3/2 + b**2/2 + b. Let v be t(2). Let w = v + 9. Calculate the remainder when 7 is divided by w.
3
Let g(c) = c**2 + 4*c + 3. Let z be g(-6). Let t = z - 5. What is the remainder when t is divided by ((-18)/(-2))/((-6)/(-4))?
4
Suppose 0 = -j + 3*v + 22, -5*j - 55 + 165 = -3*v. What is the remainder when j is divided by -2 - (-11 + -3) - 0?
10
Let b = 17 + 0. Calculate the remainder when 151 is divided by b.
15
Suppose 2*w - 16 = -4*d, -2*w + w = d - 5. What is the remainder when 7 is divided by d?
1
Let i = -34 + 47. Calculate the remainder when 36 is divided by i.
10
Let y(w) = w**3 - 6*w**2 + 8*w - 6. Let g = -4 + 32. Suppose 2*c = -6*t + 2*t + g, -c + 11 = 5*t. Calculate the remainder when c is divided by y(5).
7
What is the remainder when 16 is divided by (-12)/(-8) - (-7)/2?
1
Suppose 5*u = 14 + 1. Let g = 1 - -10. What is the remainder when g is divided by u?
2
Let g(x) = -42*x - 3. Calculate the remainder when g(-1) is divided by 8.
7
What is the remainder when 79 is divided by (-5)/10*(-108)/2?
25
What is the remainder when 102 is divided by (216/10 - 0) + (-78)/(-195)?
14
What is the remainder when 17 is divided by (-14)/(-3) + (-8)/12?
1
Let q(t) = -39*t**3 + t + 1. Let m(x) = -x**3 + 6*x**2 + 6*x + 6. Let z be m(7). What is the remainder when q(z) is divided by 14?
11
Suppose -5 = -2*j + j. Suppose 0*n = -2*n + j*w + 18, 0 = -n + 5*w - 1. Suppose -u + 22 = u. What is the remainder when n is divided by u?
8
Let g = 27 + -21. What is the remainder when 13 is divided by g?
1
Suppose 13 = -p + 2*p + 2*j, 20 = 4*j. What is the remainder when (-2)/(-6) - 6/36*-46 is divided by p?
2
Let g = 2 - 2. Calculate the remainder when 38 is divided by (-2)/4*(g - 40).
18
Let u = -40 + 50. What is the remainder when 14 is divided by u?
4
Let k(v) = -v**2 + 5*v + 5. Suppose -r = 3*s - 8, -2*s - 4*r = 1 + 7. What is the remainder when 26 is divided by k(s)?
8
Suppose 0 = -2*t - 2*t - 4, -2*x - t = -11. Calculate the remainder when 20 is divided by x.
2
Suppose -2*s = -0*s - f - 94, 3*s = -2*f + 155. What is the remainder when s is divided by 13?
10
Let u be 4/(1 + (-38)/42). Suppose -c - u = -4*c. Calculate the remainder when c is divided by 8.
6
Let f = 32 - 19. Calculate the remainder when 32 is divided by -3*f/(-3) - 2.
10
Suppose -c + 21 = -72. Let v = c + -62. Calculate the remainder when v is divided by 8.
7
Let k(l) = l**2 - l + 2. What is the remainder when 42 is divided by k(-4)?
20
Let i = 17 - 3. Let p be ((-3)/2)/((-3)/6). Suppose -3*k = f - 17, 4*f - 32 = -6*k + p*k. What is the remainder when i is divided by f?
4
Let q(h) = h**2 + 3*h + 2. Let k be q(5). Let p = -28 + k. Calculate the remainder when 26 is divided by p.
12
Let h(r) = r**3 + r**2 + 32. Calculate the remainder when h(0) is divided by (4/6)/(6/153).
15
Suppose -o + 101 = -2*n, 0*o - 3*o = -3*n - 288. What is the remainder when o is divided by 46?
45
Let n = 51 - 20. Calculate the remainder when 121 is divided by n.
28
Suppose v - 80 = -v. Suppose 24 = -0*l + 4*l. What is the remainder when 4 is divided by l/(-27) + v/18?
0
Suppose -2*q = 6 - 158. Calculate the remainder when q is divided by 20.
16
Suppose -237 = -5*q + 2*m, 0 = -5*q - 2*m + 5 + 228. What is the remainder when 88 is divided by q?
41
Suppose -4*i + i + 12 = 0. Suppose -5*z + 3 = -7. Suppose -l - 20 = -3*l - z*j, 5*l - 2*j - 50 = 0. Calculate the remainder when l is divided by i.
2
Suppose 2*t - 16 = -4*g, 7*t - 3*t = -4*g + 24. Suppose g*s - 16 = 12. What is the remainder when 39 is divided by s?
11
Let w be (868/2 + 1)/(-1). Calculate the remainder when 2/3*w/(-10) is divided by 15.
14
Let k(g) = g - 2. Let q be k(4). Let m = 5 - q. Suppose -94 = -2*x + 2*l, -5*x - m*l = -l - 256. What is the remainder when x is divided by 17?
16
Suppose -2*z = -3*z - 1. Calculate the remainder when (z/3)/((-1)/24) is divided by 5.
3
Suppose 101 + 1 = 3*p. Let u(l) = -2*l**3 - l. What is the remainder when p is divided by u(-2)?
16
Let i = 59 + -52. What is the remainder when i is divided by 4?
3
Let n = -6 + 11. Suppose 5*r + n*d = 25, 4*r + 2*d = r + 12. What is the remainder when 15 + 1 + -2 + r is divided by 6?
4
Let k be ((-9)/(-6))/((-2)/(-4)). Suppose -k*p + 13 = -29. What is the remainder when 26 is divided by p?
12
Let r(y) = 10*y + 2. Let x = 118 + -103. What is the remainder when r(4) is divided by x?
12
Let d be (16/(-12))/(2/21). Calculate the remainder when (2 - d/(-10))*5 is divided by 2 + (-2)/(6/(-9)) + -3.
1
Let b be ((-12)/(-10))/(9/30). Suppose -2*l + 142 = l + z, -51 = -l - b*z. What is the remainder when l is divided by ((48*4)/6)/((-2)/(-1))?
15
Let x(t) = t - 4. Let m be x(6). Suppose 20 = h + m. Suppose -6*w + 4*w = -5*u + 44, 3*u - 42 = -4*w. What is the remainder when h is divided by u?
8
Let u(i) = -i**3 + 3*i**2 + 5*i - 5. What is the remainder when 19 is divided by u(3)?
9
Suppose -10 = -3*n - c, 0 = 5*n + 2*c + 2*c - 5. Let s(u) = u**3 - 1. Let t be s(-1). Let g = 0 - t. Calculate the remainder when n is divided by g.
1
Suppose 620 = 4*z + 200. Suppose -3*u + z = 18. Let p = u - 10. Calculate the remainder when p is divided by 10.
9
Let t(m) = 17*m - 1. Let w = -7 + 3. Let u be 5 - (-2 + 0 - w). What is the remainder when t(u) is divided by 17?
16
Suppose -3*b + 8*b = -15. Let s(j) = j**2 - 6*j + 5. Calculate the remainder when (-3)/((-10)/3 - b) is divided by s(6).
4
Let j(l) = -l**3 + 7*l**2 + 24*l + 2. What is the remainder when j(9) is divided by 19?
18
What is the remainder when (-6 + 1)*(9/1)/(-3) is divided by 3?
0
Suppose -2*w - 3*w + 20 = 0. Let y(x) = -2*x**2 + x + 2. Let i be y(w). Let p = 1 - i. What is the remainder when p is divided by 14?
13
Let v = -3 - -3. Suppose 5*t - 60 = -v. Calculate the remainder when 7 is divided by (-1)/(1 - t/9).
1
Let r = -46 - -59. Calculate the remainder when 49 is divided by r.
10
Suppose 0*l + 169 = 2*s - l, 0 = -s + l + 87. Calculate the remainder when s is divided by 28.
26
Let j(i) = -i**3 - 4*i**2 - 3*i - 4. What is the remainder when (66/8)/((-6)/(-16)) is divided by j(-4)?
6
Let l = 44 + -28. Let f = -15 + 39. Let n = l + f. What is the remainder when n is divided by 21?
19
Let r(i) = i**3 - 4*i**2 + i + 1. Calculate the remainder when r(6) is divided by 27.
25
Suppose -2*u = -4 - 4. Let a(s) = 5*s**2 - 5*s - 2. Calculate the remainder when a(u) is divided by 30.
28
Suppose -4*k + 5*p = -27, -5*k + k - 5*p = -77. What is the remainder when 38 is divided by k?
12
Suppose 4*z - 93 = -41. What is the remainder when 23 is divided by z?
10
What is the remainder when (29 - 5)*(-20)/(-6) is divided by 14?
10
Suppose -5*f - 2*f = -266. Calculate the remainder when 225 is divided by f.
35
Let o(i) = i**2 - 4*i + 12. Let r be o(9). Let a = r + -16. Let j(b) = -5*b - 6. What is the remainder when a is divided by j(-4)?
13
Let y be 4 + -6 - (-1 - 1). Suppose 2*r + 3*x + y*x = 54, 3*r - x = 59. Calculate the remainder when r is divided by 8.
5
Suppose -3*r + 5 = b - 84, -4*r + b + 121 = 0. Calculate the remainder when ((-11)/2)/((-3)/r) is divided by 19.
17
Let m(y) = y**3 + 11*y**2 - 14*y - 3. Let c be m(-12). Suppose 0 = -w + c + 18. What is the remainder when w is divided by 20?
19
Let b(w) = -w**3 + 2*w**2 + 2*w - 1. Let d be (2/4)/(2/8). Calculate the remainder when 8 is divided by b(d).
2
Let s(w) be the second derivative of -5*w**3/6 - w**2/2 - 3*w. What is the remainder when s(-9) is divided by 23?
21
Let f(x) = x + 2. Let u be f(-2). Suppose u = 6*j - 4*j + 5*a - 42, j - 3 = 2*a. What is the remainder when 30 is divided by j?
8
Let w(h) = 14*h. Let g(x) = -126*x. Let d(s) = -3*g(s) - 28*w(s). Let q be ((-2)/3)/((-2)/(-6)). Calculate the remainder when d(q) is divided by 15.
13
Suppose 4*g - 4*k - 24 = -k, -29 = -g - 5*k. Let b(f) = -9*f**2 + f + 22*f**2 + 5*f**2. Calculate the remainder when b(-1) is